 = 25*b + 185. What is o(-9)?
-40
Let h(a) = -6*a**3 - a**2 - 113*a - 4. What is h(0)?
-4
Let z(x) = -11*x - 1823. Determine z(-166).
3
Let h(c) = -19*c**2 + 280*c - 114. What is h(15)?
-189
Let a(j) = 3*j**2 - 27*j + 119. Give a(7).
77
Let j(x) = -13*x + 1365. What is j(107)?
-26
Let n(v) = v**3 + 156*v**2 + 1464*v + 538. What is n(-146)?
-46
Let z(g) = g**2 + 292*g + 8935. Determine z(-35).
-60
Let l(b) = -142*b - 191. What is l(-10)?
1229
Let j(i) = -4*i**3 - 113*i**2 - 27*i + 12. Calculate j(-28).
-16
Let u(k) = 536*k - 1079. What is u(2)?
-7
Let u(g) = g**3 + 12*g**2 - 32*g + 25. Determine u(-15).
-170
Let i(p) = -254*p - 4051. Calculate i(-16).
13
Let t(v) = 5543*v + 22185. Determine t(-4).
13
Let v(t) = 355*t - 14. Calculate v(2).
696
Let s(j) = -224*j + 4478. What is s(20)?
-2
Let l(b) = 875*b + 13127. What is l(-15)?
2
Let f(l) = -l**2 - 14*l + 686. Give f(20).
6
Let r(j) = -2*j**3 - 7*j**2 + 51*j - 33. What is r(6)?
-411
Let f(k) = 19*k**3 - 4*k**2 - 22*k - 17. Give f(-2).
-141
Let w(m) = -m**2 + 16*m - 48. Calculate w(11).
7
Let x(z) = 64*z + 1103. Calculate x(-18).
-49
Let j(t) = -t**3 + 33*t**2 - 29*t - 168. Determine j(32).
-72
Let t(c) = -121*c + 10038. Calculate t(83).
-5
Let l(a) = 207*a + 211. Give l(-1).
4
Let z(h) = h - 494. Give z(112).
-382
Let m(p) = p**3 + 3*p**2 - 11*p + 262. What is m(-8)?
30
Let c(j) = 2*j**3 - 101*j**2 - 3289*j + 286. Determine c(73).
-6
Let t(u) = 4*u**2 + 108*u + 43. Determine t(-26).
-61
Let v(i) = i**3 + 33*i**2 + 157*i + 3. Calculate v(-6).
33
Let j(d) = -439*d - 28948. Give j(-66).
26
Let i(v) = -53*v + 28. What is i(2)?
-78
Let w(i) = 6740*i + 87621. Determine w(-13).
1
Let z(t) = 396*t**2 + 29701*t + 77. What is z(-75)?
2
Let o(b) = -304*b**2 - 18*b + 15. Determine o(1).
-307
Let w(y) = 4*y**3 + 7*y**2 + 9*y - 60. Calculate w(4).
344
Let c(x) = -4*x**3 - 342*x**2 - 831*x - 103. Determine c(-83).
-20
Let x(k) = -k**2 - 2*k + 31. Give x(5).
-4
Let l(r) = -r**2 - 66*r + 584. Calculate l(-74).
-8
Let y(r) = r**2 + 18*r + 14. Calculate y(-15).
-31
Let y(c) = c**2 + 1261*c - 6334. Give y(5).
-4
Let w(c) = 31*c - 120. Give w(4).
4
Let w(q) = 2*q**3 - 10*q**2 + 15*q - 14. Calculate w(3).
-5
Let q(f) = 107*f + 1492. Give q(-14).
-6
Let z(j) = -j**2 - 262*j - 8691. What is z(-39)?
6
Let g(x) = -x**3 - 9*x**2 + 22*x + 196. Determine g(-8).
-44
Let a(v) = -v**2 + 9165*v + 27499. Calculate a(-3).
-5
Let w(h) = -h**3 - 58*h**2 + 180*h - 176. Give w(-61).
7
Let j(i) = 4*i**2 + 118*i - 47. Calculate j(-30).
13
Let k(r) = r**3 + 11*r**2 - 14*r - 323. Give k(-10).
-83
Let k(m) = 11*m**2 - 155*m + 271. Calculate k(12).
-5
Let v(b) = -6*b**2 + 56*b - 282. What is v(6)?
-162
Let s(t) = -t**2 + 6*t + 90. Calculate s(14).
-22
Let p(s) = -2*s**2 + 28*s + 1478. Determine p(35).
8
Let k(w) = 2*w**3 + 20*w**2 + 13*w - 17. What is k(-13)?
-1200
Let p(r) = r**2 - 92*r + 343. Calculate p(88).
-9
Let y(b) = 2*b**2 - 55*b + 351. Give y(17).
-6
Let t(j) = -205*j - 10235. What is t(-50)?
15
Let a(s) = 461*s + 929. Calculate a(-2).
7
Let k(a) = 20*a**3 - 13*a - 14. What is k(-1)?
-21
Let a(g) = 8*g**3 + 72*g**2 - 53*g - 436. Calculate a(-9).
41
Let s(q) = -36*q**2 + 9*q - 5. What is s(2)?
-131
Let c(q) = q**3 + 4*q**2 - q + 26. What is c(-8)?
-222
Let r(k) = 7*k**2 - 47*k. What is r(8)?
72
Let x(m) = -415*m + 112056. Give x(270).
6
Let p(q) = -8*q**2 - 362*q + 1907. Calculate p(-50).
7
Let p(v) = 36*v + 76. Give p(-6).
-140
Let t(f) = -2*f**2 + 23*f + 160. Give t(-10).
-270
Let f(l) = -2*l**3 + 87*l**2 - 125*l - 9. What is f(42)?
33
Let f(j) = 4*j**2 - 44*j - 243. What is f(15)?
-3
Let c(d) = -14*d**2 + 92*d + 93. Give c(-1).
-13
Let a(w) = -w**2 + 4*w + 97. Calculate a(-13).
-124
Let f(x) = -2*x + 138. What is f(5)?
128
Let a(t) = -t**3 - 14*t**2 - 2*t + 27. Calculate a(-13).
-116
Let g(n) = -2*n**2 + 263*n + 5443. Calculate g(-18).
61
Let a(z) = -329*z + 19. Calculate a(-1).
348
Let v(r) = -r**2 - 100*r + 2310. Give v(-120).
-90
Let d(n) = -137*n - 3683. What is d(-27)?
16
Let u(d) = 82*d + 744. Calculate u(-9).
6
Let g(m) = -375*m + 1805. Give g(5).
-70
Let w(t) = 30*t**2 + 5905*t - 985. Give w(-197).
0
Let w(l) = 52*l**2 - 2965*l + 69. Give w(57).
12
Let v(j) = 407*j - 121285. Give v(298).
1
Let a(d) = 10*d + 136. Determine a(-14).
-4
Let q(z) = -11*z**2 + 1099*z - 3196. Determine q(3).
2
Let x(a) = a**2 + 30*a - 804. Give x(17).
-5
Let k(p) = -130*p**2 + 3111*p + 208. What is k(24)?
-8
Let w(c) = 1660*c + 11623. Determine w(-7).
3
Let k(a) = 19*a - 683. Determine k(35).
-18
Let d(m) = -44*m**3 + 55*m**2 + 49*m - 3. Determine d(-1).
47
Let r(i) = 74*i + 344. Give r(-4).
48
Let i(m) = -m**2 - 120*m + 1878. What is i(14)?
2
Let u(b) = -b**3 + 66*b**2 + 131*b + 344. What is u(68)?
4
Let d(a) = -a + 21. What is d(11)?
10
Let z(k) = 2*k**2 + 62*k - 440. What is z(9)?
280
Let p(c) = 439*c - 40843. Calculate p(93).
-16
Let s(v) = -4*v**2 + 6*v + 78. What is s(5)?
8
Let g(z) = 83*z - 2682. Calculate g(34).
140
Let h(c) = c**3 - 44*c**2 - 541*c + 42. Determine h(54).
-12
Let v(c) = c**3 - 6*c**2 - 43*c + 184. Give v(4).
-20
Let v(q) = -q**3 + 6*q**2 + 16*q - 6. Determine v(8).
-6
Let n(a) = -a**2 - 14*a + 302. Give n(-26).
-10
Let c(i) = 2*i**3 - 16*i**2 - 86*i + 221. What is c(11)?
1
Let p(j) = 197*j + 1111. Calculate p(-6).
-71
Let m(r) = r**2 + r - 435. What is m(-19)?
-93
Let j(q) = q**3 + 3*q**2 + q + 88. What is j(-6)?
-26
Let a(k) = -31*k**2 + 101*k - 100. Calculate a(1).
-30
Let b(w) = -w**3 + 8*w**2 - 34*w - 47. What is b(8)?
-319
Let a(p) = p**3 + 22*p**2 - 74*p + 8. Give a(3).
11
Let p(b) = -75*b + 4942. Give p(66).
-8
Let n(k) = 2*k**2 + 6*k - 158. What is n(7)?
-18
Let b(s) = -12*s - 40. Give b(-14).
128
Let d(i) = 2*i**2 + 3*i + 89. Give d(-7).
166
Let s(p) = -3*p**2 - 131*p - 670. Calculate s(-38).
-24
Let u(k) = -k**3 + 8*k**2 + 20*k - 79. Calculate u(9).
20
Let s(i) = 109*i + 791. Give s(-6).
137
Let f(p) = 151*p**2 + 10*p - 2. Calculate f(1).
159
Let g(k) = -2*k**2 - 342*k - 3769. Calculate g(-11).
-249
Let a(y) = -2*y**3 - 12*y**2 + 7*y - 2. Calculate a(-6).
-44
Let s(w) = -w**2 - 20*w + 1073. Give s(24).
17
Let l(b) = 65*b - 905. Give l(14).
5
Let t(h) = -h**3 + 74*h**2 + 236*h - 379. Calculate t(77).
6
Let v(l) = l**2 + 59*l + 496. Determine v(-12).
-68
Let h(k) = -k**3 - 4*k**2 + 2*k + 2. Determine h(-5).
17
Let g(t) = -2*t**3 + 120*t**2 - 235*t + 169. What is g(58)?
-5
Let y(u) = -10*u**2 + 2226*u - 5719. Calculate y(220).
1
Let t(u) = -2*u**3 + 23*u**2 - 8*u + 25. Give t(11).
58
Let g(l) = -2501*l + 25012. Determine g(10).
2
Let s(z) = 3*z**3 - 49*z**2 + 12*z + 68. Calculate s(16).
4
Let k(h) = -85*h - 6456. Give k(-75).
-81
Let k(h) = -35*h + 1813. What is k(53)?
-42
Let u(y) = -y**2 - 119*y - 2449. Determine u(-26).
-31
Let c(m) = -6*m**2 + 21*m - 51. What is c(6)?
-141
Let d(m) = 77*m**2 + 1876*m + 677. Determine d(-24).
5
Let o(c) = -309*c**3 + 3*c**2 + 14*c + 13. Determine o(-1).
311
Let p(m) = 2*m**2 + 10*m - 177. Calculate p(-13).
31
Let v(f) = -f**3 + 6*f**2 - 63*f + 379. Give v(6).
1
Let a(c) = 10*c + 153. Give a(-13).
23
Let n(t) = -20*t**2 - 90*t + 281. Determine n(3).
-169
Let i(p) = -181*p - 996. Determine i(-5).
-91
Let f(o) = 2594*o + 7781. Calculate f(-3).
-1
Let z(l) = 21*l**2 + 61*l - 57. Determine z(1).
25
Let r(n) = -11*n**3 + 540*n**2 - 49*n + 6. Calculate r(49).
6
Let k(r) = 183*r**2 - 23*r + 59. Give k(2).
745
Let a(h) = 5*h + 146. Give a(-22).
36
Let k(a) = -590*a + 23609. Determine k(40).
9
Let h(q) = 30*q - 3390. Give h(103).
-300
Let h(t) = -244*t + 1. What is h(-1)?
245
Let p(z) = 8*z**2 + 4193*z - 4191. Calculate p(1).
10
Let b(r) = -14*r**3 + 11*r**2 - 13*r - 15. Determine b(3).
-333
Let k(v) = -16*v - 162. Determine k(-8).
-34
Let m(n) = -10*n**2 + 46*n - 168. What is m(4)?
-144
Let c(h) = -40*h**2 - 5638*h + 284. Calculate c(-141).
2
Let v(w) = -73*w + 877. Calculate v(12).
1
Let w(m) = -28*m**2 - 910*m - 385. Determine w(-32).
63
Let p(m) = 29*m + 273. Calculate p(-9).
12
Let a(v) = v**3 + 173*v**2 + 1289*v + 6. What is a(-8)?
254
Let f(u) = -u**3 - 3*u**2 + 45*u - 30. Give f(5).
-5
Let o(d) = -2*d**2 - 17*d + 61. Determine o(3).
-8
Let c(q) = -q**3 + 66*q**2 - 428*q - 16. What is c(7)?
-121
Let u(r) = -6*r**2 - 28*r - 29. Give u(-5).
-39
Let c(p) = -p**3 + 25*p**2 + 53